Let a = 18 - 14. Determine c(a).
-10
Let k(n) = 17*n**2 + 6*n + 3. Let z be k(-1). Suppose -16*w - z + 94 = 0. Let j(l) = -l - 3. Give j(w).
-8
Let l be 12/(-21) + (-75)/(-21) + 1. Let j(d) be the third derivative of 1/120*d**6 + d**3 + 7/24*d**l + 0*d - 2*d**2 + 0 + 1/12*d**5. What is j(-4)?
-6
Let a(n) = 8*n + 145. Suppose -3 = z, -155*d + 14*z - 34 = -151*d. Determine a(d).
-7
Let l(y) = -y**3 + y**2 + 17*y + 7. Let s be (1 + (-2 - -1))/(19 + -21). Calculate l(s).
7
Let j(b) = -b**2 - 12*b - 15. Let r(m) = -404*m + 2010. Let z be r(5). Give j(z).
5
Let k(c) = -40*c**3 + 23*c**2 - 38*c - 4. Let d(v) = 32*v**3 - 18*v**2 + 30*v + 3. Let s(h) = -14*d(h) - 11*k(h). Give s(1).
-9
Let g(q) = 193638905*q**2 - 2*q - 193638905*q**2 + q**3. Suppose 2*x - 4*p + 24 = 0, 4*x + 0*p = -5*p + 17. Let w = 0 + x. Calculate g(w).
-4
Suppose 0 = 5*p - p - 8. Suppose -11 = -p*g - 31. Let l(s) = 0 + 6*s - 15*s - 3 - s**2 + 7. Determine l(g).
-6
Let z(v) = v**2 + 2*v + 30. Let y be z(0). Suppose 28*k = y*k. Suppose -2*x + 7 - 15 = k. Let g(f) = -f**3 - 3*f**2 + 4*f + 5. Give g(x).
5
Let t(v) = -v**3 + 2*v**2 + 3. Let f(i) = -i**3 - 5*i**2 + 9*i + 5. Let b be f(-7). Let k(c) = -2*c**2 - 17*c + 18. Let y be k(-11). Let u = y + b. Give t(u).
-6
Let a(s) = -s**3 - 10*s**2 - 8*s + 8. Suppose 0*r = 3*r - 0*r. Suppose -6*x + 12 = -r. Suppose 27 = -x*t - t. Determine a(t).
-1
Let j(g) = 3*g - 4. Let x(v) = -2*v + 1. Let m(d) = 6*j(d) + 10*x(d). Suppose 12*o - 16*o + 5*y = 25, -y = 4*o - 5. Determine m(o).
-14
Let v(a) = a**3 - 7*a**2 - 3*a + 21. Let m be v(7). Let g(x) = m*x - 9 + 2 + x - 2. Let n = 0 - -7. Determine g(n).
-2
Let x(p) = -p**3 - 707*p + 19*p**2 - 14*p**2 + 26 + 668*p + 118. Give x(4).
4
Suppose v + 4*b = -0*v + 17, -4*v + 12 = 2*b. Let u(f) be the first derivative of -6 + 5*f**4 + 0*f + 1/2*f**2 - 1/3*f**3. Determine u(v).
20
Let s(n) = 3*n**3 - 7*n**2 + 6*n - 7. Let b be s(1). Let c(t) = -4*t**2 - 16*t + 4. Calculate c(b).
-16
Let m(v) be the first derivative of -v**4/4 + 17*v**3/3 + v**2 - 6*v - 4668. What is m(17)?
28
Let g(p) = 5*p**2 - 2*p - 3. Let o = -310 - -306. Let l(y) = 14*y**2 - 7*y - 9. Let q(t) = o*l(t) + 11*g(t). Determine q(5).
8
Let u(v) = -9*v + 13. Suppose 370 = 48*s + 226. Calculate u(s).
-14
Let o = 2629 - 2634. Let z(l) = -l**3 - 3*l**2 - 5*l - 6. What is z(o)?
69
Suppose -5*p = -d - 39, 2*p + 91*d - 57 = 96*d. Let k(n) = 1 + 7 + 37*n - 43*n + 0. Give k(p).
-28
Let j(i) = -2*i**3 - 13 - 22*i + 27*i + 10*i**2 - 2*i**2 - 15*i**2 + 3*i**3. Determine j(7).
22
Let w(s) = 2*s**3 + s + 2. Let d(o) = 7*o**3 - 6*o**2 - 8. Let b(h) = d(h) - 4*w(h). Determine b(-7).
61
Let q be (10/(-25) - (-1)/(-10))/((-326)/(-11084)). Let p(h) = -3*h**2 - 46*h + 89. What is p(q)?
4
Let m(q) = -7*q**3 - 45*q**2 + 32*q - 25. Let w(p) = -4*p**3 - 24*p**2 + 16*p - 15. Let n(v) = 3*m(v) - 5*w(v). What is n(-16)?
0
Let r(h) = h**3 + 27 - 2*h + 3*h - 28 - 3*h**2 + 6*h**2. Let p be r(-2). Let t(w) = -5*w - 1 - 9*w + 4*w - 6*w. Determine t(p).
-17
Let r(d) = -529*d + 49. Let f be r(-3). Let m(w) = f - 1640 + w - 2*w. Determine m(-7).
3
Let x(n) = n. Suppose 15*d + 100 = 19*d. Let z = d - 19. Let y = z - 2. Determine x(y).
4
Let d(j) = 6*j - 4. Suppose -1017 - 543 = -10*y. Suppose 174*n - 126 = y*n. What is d(n)?
38
Let u be (-2)/4*(-2 - 4). Suppose -2*c + 3*q - 5 = 6*q, 13 = -u*c + q. Let f(r) = 2*r + 55876 + 55876 - 111752. Determine f(c).
-8
Let h be 6/(-10)*(-340)/102. Let j(m) = 2*m + 92 - 46 - 45 + 2*m**h. Suppose 3*n - 5*n + 1 = -5*l, -4*n - 7 = -l. Calculate j(n).
5
Let s be (0/(-4))/((-1)/1). Let u(i) be the first derivative of -i**2/2 - 5*i + 12275. Give u(s).
-5
Let t(p) = 0*p - 7 - p**3 + 4*p - p**2 + 6*p**2. Suppose -5*v - 4*c + 45 = 0, 2*v + 3*c + 2*c = 7*c. Calculate t(v).
13
Let h(y) = y - 1. Let p(n) = -4*n - 9. Let l be p(-2). Let k(c) be the first derivative of -2*c**2 - 5*c - 7. Let f(q) = l*k(q) - 2*h(q). Give f(-5).
-3
Let a = 1973 + -1960. Suppose 0 = 71*j - a*j - 58. Let k(i) = i**3 - i + 1. Let u(q) = 9*q**3 - 2*q + 3. Let d(n) = -4*k(n) + u(n). Calculate d(j).
6
Let a be (2*(-1)/(-4))/((-56)/(-336)). Let d be 1/(1/a)*(-62)/(-186). Let y(t) = 18*t**2 - 2*t + 1. Determine y(d).
17
Let k(z) be the second derivative of -z**4/12 + 11*z**3/6 + 8*z**2 - z. Suppose 5*u = 2*n + 56, 95 = -4*n + 103. Give k(u).
4
Let f(o) = 11*o**3 + 4*o**2 - 449*o - 30. Let r(k) = -3*k**3 - k**2 + 120*k + 8. Let b(u) = 4*f(u) + 15*r(u). Calculate b(-2).
4
Let o(c) = -47*c**2 - 12*c - 37. Let s(q) = 22*q**2 + 2*q + 19. Let w(z) = 3*o(z) + 7*s(z). Calculate w(1).
13
Suppose -22*y - 4 = -24*y. Let d(o) = -7 - 4*o**2 - 95*o - y + 116*o. Let a(f) = -3*f**2 + 14*f - 6. Let j(b) = 7*a(b) - 5*d(b). Give j(-7).
3
Let y(d) = -2*d**2 - 1. Let n = 88 + -87. Suppose 12*k = -11 - n. What is y(k)?
-3
Let z(d) = -4*d - 3 - 12*d + 20*d - 8*d. Let k be (-19)/(-6) + 3/(-18). Suppose 7*q - 16 = k*q. Give z(q).
-19
Suppose 5 = 2*r - 3. Let v(j) be the second derivative of 39*j - 2/3*j**3 + 1/12*j**4 + 0 - 3/2*j**2. What is v(r)?
-3
Suppose -2*p + 5 - 1 = 0. Let f(o) be the second derivative of o**5/20 - o**4/3 + o**3/2 - 262*o. Give f(p).
-2
Suppose 66 = -7886*c + 7875*c. Let g(t) = -4*t + 5. Give g(c).
29
Let g(p) = p - 4*p + 5*p + 7. Suppose 0 = 3*u - 3*z + 27, -62*u - 38 = -58*u - 5*z. What is g(u)?
-7
Let t(r) be the third derivative of -r**6/120 + r**5/60 + 5*r**4/12 - 5*r**3/3 - 52*r**2 + 4*r. Determine t(4).
-18
Suppose -10*f + 12*f = 384. Suppose -q = f - 108. Let u = q + 82. Let m(p) = -2*p - 1. Calculate m(u).
3
Let j(s) = -s**2 - 15*s - 10. Let g = -10700 + 10691. Determine j(g).
44
Let u(o) = -3*o**3 - 10*o**2 + 2*o + 2. Let f(k) = 4*k**3 + 12*k**2 - 2*k - 4. Let a(j) = 2*f(j) + 3*u(j). Give a(-5).
-37
Suppose -9*n + 115 - 25 = 0. Suppose -30 = -8*m + n. Suppose 29 = 2*t + m*b, 3*b - 14 = -t + 2. Let v(p) = -p**3 + 7*p**2 - p + 2. Determine v(t).
-5
Suppose 23*v - 9*v - 28 = 0. Let h(j) = -5*j**2 - 5*j**2 + j**3 + 14*j**v + 0*j**2 - 3*j. Calculate h(-3).
18
Let y(w) = -11*w**3 + 21*w**2 + 7*w + 7. Let z(x) = -5*x**3 + 10*x**2 + 3*x + 4. Let g(c) = -6*y(c) + 13*z(c). Let u be 6/12*-6 + -2. Give g(u).
0
Let a(b) = -44099*b - b**2 - 676 + 22075*b + 22163*b. Calculate a(5).
-6
Suppose -25 = -5*c + c - 3*l, -11 = -2*c - l. Let x(v) = -v**3 + 21*v + 1. Calculate x(c).
21
Let r(d) = -d**3 + 11*d**2 + 13*d - 12. Let t be r(12). Suppose t = z + 16 - 16. Let n(w) = -w**3 - w - 2*w**2 + 2*w + z + 3*w - 1. What is n(-3)?
-4
Let t(w) = -25*w - 319. Let u(o) = 50*o + 564. Let x(p) = -5*t(p) - 3*u(p). Give x(-5).
28
Let q(s) = -23*s + 3*s + 12*s + 5*s + 134. What is q(32)?
38
Let d(j) = -18*j + 23. Suppose -3*k - 5*i - 7 = 0, 0 = -5*k + 288*i - 290*i + 1. What is d(k)?
5
Let q = -8 + 5. Let v be -2 - -108 - (-8 - -2). Let y(i) = -v - 115 - i + 225. Calculate y(q).
1
Suppose -1 = p - 5, 5*q - 4*p = -56. Let k(w) = 308 + 6*w - 584 + 271 - 7*w. Calculate k(q).
3
Let y(j) = 5*j**2 - 122*j + 19. Let h be y(26). Let s = h - 223. Let t(k) = k**2 + 3. Calculate t(s).
19
Let b(w) = w**2 + 6*w + 7. Suppose 75*k - 82*k = -140. Let o(i) = i**3 - 22*i**2 + 41*i - 26. Let d be o(k). Give b(d).
7
Let w(h) = 2*h**3 - h**2 - h + 6. Let z(p) = -3*p**3 - 5*p**2 - 3*p - 14. Let v(r) = 2*w(r) + z(r). Determine v(6).
-68
Let y = -391 - -441. Let r(m) = -49*m + 0 + y*m + 8 - 1. Determine r(8).
15
Let b = -358 + 369. Let a(y) = y - 3 - b - 1 - 4 + 8. Calculate a(7).
-4
Let r(h) be the second derivative of h**6/360 + 5*h**4/12 - 19*h**3/3 - h**2/2 - 32*h - 3. Let d(l) be the second derivative of r(l). Determine d(0).
10
Suppose 58 = 4*c + 2*b, -5*c + 3*b + 45 = -0*c. Suppose r + c = -2*r. Let o(u) = -u - 8. Let i(a) = -2*a - 16. Let l(y) = r*i(y) + 9*o(y). Give l(0).
-8
Let m be 77/(-7) - 184/(-8). Let u(p) = -p**2 + 13*p - 13. Determine u(m).
-1
Let u(k) = -40*k - 288. Let d(n) = -114*n - 855. Let j(s) = 2*d(s) - 7*u(s). What is j(-6)?
-6
Let p(k) be the first derivative of k**3/3 + k**2 - 2*k - 3952. Determine p(1).
1
Let h(m) = -m**3 + 29*m**2 - 28*m - 10. Let u = 3651 - 3623. What is h(u)?
-10
Let d(l) = 117 - 195 + 75 - 6*l**2 - l - 4*l. Calculate d(-1).
-4
Let o(i) be the second derivative of i**6/120 - i**5/5 + 5*i**3/6 + 21*i**2/2 - 41*i. Let a(d) be the first derivative of o(d). Calculate a(12).
5
Let g(q